rime?
False
Is 288871 composite?
True
Is 18527 composite?
True
Is 10405 a prime number?
False
Is 4073 a composite number?
False
Is 6583 prime?
False
Is 187571 a composite number?
True
Is 1543283 prime?
False
Is 31013 a composite number?
False
Is 430471 a prime number?
False
Is 160271 a prime number?
False
Is 806639 a prime number?
True
Is 140299 prime?
False
Is 35687 a composite number?
True
Is 7619 a prime number?
False
Is 391 a composite number?
True
Is 3639 a composite number?
True
Is 25257 composite?
True
Is 749 composite?
True
Is 139705 a composite number?
True
Is 275813 prime?
True
Is 318233 composite?
False
Is 202121 composite?
False
Is 37307 a prime number?
True
Is 5079 a prime number?
False
Is 607441 a prime number?
False
Is 952301 a prime number?
False
Is 3989 composite?
False
Is 596179 a prime number?
True
Is 210417 a prime number?
False
Is 49583 a prime number?
False
Is 1679 a prime number?
False
Is 44351 a composite number?
False
Is 163522 a prime number?
False
Is 24577 prime?
False
Is 42685 a composite number?
True
Is 1936843 a composite number?
True
Is 1217 a composite number?
False
Is 18623 prime?
False
Is 2789 a composite number?
False
Is 39205 composite?
True
Is 109807 composite?
False
Is 5171 a composite number?
False
Is 137809 prime?
False
Is 44159 prime?
True
Is 189547 a composite number?
False
Is 49553 a prime number?
False
Is 553867 prime?
True
Is 420671 composite?
False
Is 1223 a composite number?
False
Is 35233 a composite number?
True
Is 10189 a prime number?
False
Is 7121 composite?
False
Is 4597 a composite number?
False
Is 1217 prime?
True
Is 547 a composite number?
False
Is 15689 a composite number?
True
Is 6599 composite?
False
Is 51047 composite?
False
Is 54721 a prime number?
True
Is 96259 a prime number?
True
Is 420789 a prime number?
False
Is 306847 a prime number?
True
Is 41771 composite?
False
Is 243511 composite?
True
Is 54617 a composite number?
False
Is 440099 composite?
True
Is 345089 prime?
True
Is 17231 a composite number?
False
Is 294358 composite?
True
Is 659999 composite?
False
Is 101977 prime?
True
Is 1062343 a prime number?
True
Is 24359 a composite number?
False
Is 17609 prime?
True
Is 641167 a composite number?
False
Is 9781 a prime number?
True
Is 319157 composite?
True
Is 182111 a composite number?
False
Is 2017 a prime number?
True
Is 828893 a composite number?
True
Is 643241 a prime number?
False
Is 10639 prime?
True
Is 74149 composite?
False
Is 3103 composite?
True
Is 5711 a prime number?
True
Is 7223 prime?
False
Is 530389 prime?
True
Is 18455 a composite number?
True
Is 17959 composite?
False
Is 199913 composite?
True
Is 7899 a composite number?
True
Is 7196047 prime?
True
Is 5557 prime?
True
Is 9017 a composite number?
True
Is 7937 composite?
False
Is 826477 composite?
False
Is 3607 composite?
False
Is 1853377 prime?
True
Is 263489 prime?
True
Is 97723 a prime number?
False
Is 89413 a prime number?
True
Is 49061 a prime number?
False
Is 464687 prime?
True
Is 21343 a prime number?
False
Is 827537 composite?
False
Is 331 composite?
False
Is 63277 a prime number?
True
Is 67685 prime?
False
Is 491749 a composite number?
True
Is 159955 a prime number?
False
Is 1117 a composite number?
False
Is 1139497 a composite number?
True
Is 757831 a prime number?
False
Is 567887 a composite number?
True
Is 1889461 a composite number?
True
Is 182255 composite?
True
Is 52289 a prime number?
True
Is 87 a prime number?
False
Is 31043 a prime number?
False
Is 1115 composite?
True
Is 54493 a prime number?
True
Is 7283 prime?
True
Is 15427 composite?
False
Is 94407 a prime number?
False
Is 8441 a prime number?
False
Is 571 a composite number?
False
Is 30773 composite?
False
Is 37139 composite?
False
Is 113573 prime?
False
Is 1774369 a prime number?
True
Is 273817 prime?
False
Is 25301 a prime number?
True
Is 401167 prime?
False
Is 7711 composite?
True
Is 382693 prime?
True
Is 617189 a composite number?
False
Is 1392221 a composite number?
False
Is 244763 a prime number?
False
Is 2906465 composite?
True
Is 172793 a prime number?
False
Is 3377 composite?
True
Is 1291877 composite?
False
Is 31847 composite?
False
Is 2031 a prime number?
False
Is 2123 a prime number?
False
Is 1087 a composite number?
False
Is 16351 prime?
False
Is 69421 composite?
True
Is 1657 a composite number?
False
Is 1619 composite?
False
Is 216289 prime?
True
Is 13309 prime?
True
Is 68473 composite?
False
Is 302959 composite?
False
Is 234777 a prime number?
False
Is 248749 a prime number?
True
Is 3943 prime?
True
Is 449507 composite?
True
Is 21557 composite?
False
Is 3983 prime?
False
Is 10831 a prime number?
True
Is 12571 composite?
True
Is 9385 a prime number?
False
Is 603817 prime?
True
Is 17645 a composite number?
True
Is 144511 a prime number?
True
Is 66713 prime?
True
Is 12039 prime?
False
Is 2495987 composite?
True
Is 18779 a prime number?
False
Is 3369767 prime?
True
Is 61613 a composite number?
False
Is 3967 a composite number?
False
Is 1673027 prime?
True
Is 11855 a composite number?
True
Is 11035 prime?
False
Is 154367 composite?
True
Is 722045 prime?
False
Is 44009 prime?
False
Is 207122 composite?
True
Is 2293 a prime number?
True
Is 9069 a composite number?
True
Is 30533 prime?
False
Is 83137 a composite number?
False
Is 39439 a composite number?
False
Is 1925333 composite?
False
Is 8779 prime?
True
Is 338641 composite?
True
Is 69773 a prime number?
False
Is 1921 composite?
True
Is 232477 prime?
False
Is 101681 a prime number?
True
Is 3247 composite?
True
Is 2394005 composite?
True
Is 1909 a composite number?
True
Is 3404639 composite?
True
Is 134735 prime?
False
Is 9865 a composite number?
True
Is 245783 composite?
False
Is 8663 a composite number?
False
Is 116141 a composite number?
False
Is 1721 prime?
True
Is 7817 a composite number?
False
Is 76511 prime?
True
Is 46171 prime?
True
Is 3613 a composite number?
False
Is 496541 a composite number?
True
Is 285397 a composite number?
True
Is 1319 a composite number?
False
Is 26063 prime?
False
Is 57077 a composite number?
False
Is 134903 a prime number?
False
Is 2237 a prime number?
True
Is 601943 composite?
False
Is 526973 composite?
True
Is 162437 prime?
False
Is 907 prime?
True
Is 52573 a composite number?
True
Is 189547 a prime number?
True
Is 129013 a prime number?
False
Is 1050529 a prime number?
False
Is 19066 composite?
True
Is 606389 a composite number?
True
Is 1511 prime?
True
Is 714463 prime?
True
Is 42821 a prime number?
True
Is 14041 a prime number?
False
Is 503221 a prime number?
False
Is 2203 composite?
False
Is 48949 a prime number?
False
Is 3859 composite?
True
Is 11303 a composite number?
True
Is 1579 a prime number?
True
Is 7534 a composite number?
True
Is 47062 prime?
False
Is 23099 a composite number?
False
Is 366293 composite?
False
Is 663331 prime?
True
Is 9151 composite?
False
Is 59287 composite?
True
Is 5287 prime?
False
Is 30461 a prime number?
False
Is 540919 prime?
False
Is 25867 a composite number?
False
Is 670165 a composite number?
True
Is 16847 a composite number?
True
Is 57895 a composite number?
True
Is 5077 a prime number?
True
Is 77601 a composite number?
True
Is 30581 prime?
False
Is 69461 prime?
False
Is 23093 a composite number?
True
Is 3365 a prime number?
False
Is 1095287 a composite number?
False
Is 2719 a composite number?
False
Is 30463 composite?
True
Is 1247 a composite number?
True
Is 840887 a composite number?
True
Is 4118129 prime?
False
Is 66901 a prime number?
False
Is 1901 composite?
False
Is 268727 a prime number?
False
Is 34971 prime?
False
Is 89189 composite?
False
Is 219 composite?
True
Is 40771 prime?
True
Is 85179 a composite number?
True
Is 147919 composite?
False
Is 3389 a prime number?
True
Is 9235 a prime number?
False
Is 719997 composite?
True
Is 2153 prime?
True
Is 10747 composite?
True
Is 1230829 a composite number?
False
Is 5749 a prime number?
True
Is 1121 a composite number?
True
Is 375773 prime?
True
Is 1169869 prime?
False
Is 9005 a prime number?
False
Is 21265 a composite number?
True
Is 315019 composite?
True
Is 11579 a composite number?
False
Is 34061 a composite number?
False
Is 5407 a prime number?
True
Is 92297 composite?
False
Is 102093 a composite number?
True
Is 25339 a composite number?
False
Is 